- 218731 + 124362. What is the hundreds digit of y?
8
Suppose -14*o + 17*o = -288. What is the units digit of (-20782)/(-38) + o/(-912)?
7
What is the hundreds digit of 13*(60456/(-52))/(-11)?
3
Let b be ((-155)/(-15) - 2) + 4/(-12). What is the hundreds digit of (-6)/b - (-18242)/56?
3
Suppose r = -3*s + 12 - 3, -r = -2*s + 6. Suppose -2*i - 3*t = i - 9, -s = 4*i - t. Suppose 4*y + y - 195 = i. What is the units digit of y?
9
Suppose -4*m = 5*u - 15233, 5*m - 8504 - 641 = -3*u. What is the thousands digit of u?
3
Suppose 4*x + k - 22 = -2*k, 0 = -3*x - 4*k + 20. Suppose -x*a = -12 + 4. What is the units digit of a?
2
Suppose 33*j - 80784 = 1082697. What is the tens digit of j?
5
Suppose 5*b - 3 = -4*s, b = -5*s + s - 9. Suppose -14*x + 9*x + 4860 = -5*d, 0 = b*x + 4*d - 2930. What is the units digit of x?
4
Let v = 68 - 59. Suppose r + v = 13. Let w(y) = -y**3 + 5*y**2 + 3*y + 9. What is the units digit of w(r)?
7
Let d(l) be the second derivative of l**5/20 + 3*l**4/4 - 2*l**3/3 - 2*l**2 - 65*l + 8. Let r be (-6 - -2)/(2/3). What is the tens digit of d(r)?
2
Let c = -61581 + 105782. What is the hundreds digit of c?
2
Let p(c) = 406*c + 5480. What is the tens digit of p(64)?
6
Let i be -6 - 24/(-4) - -2. Suppose -i*l - n = -1913, -4*n = -5*l - 7*n + 4783. What is the hundreds digit of l?
9
What is the hundreds digit of (10318 - -6) + -15 + 5?
3
Suppose 5*m - 17 = 2*z, 4*m + 3*z = 8*z + 17. Let f(d) = 65*d**2 + 8*d - 9. What is the tens digit of f(m)?
0
Let j be 3*((-404)/(-24))/(5/10). Suppose -j*t = -100*t - 254. What is the units digit of t?
4
Suppose -s = -3*q - 301, 551 = 2*s - 5*q - 44. What is the tens digit of s?
8
Let a = 381 - 376. What is the units digit of (872 + -2 - -1) + a?
6
Suppose 7*f - 5972 = -o + 5*f, 5*f + 23901 = 4*o. What is the tens digit of o?
7
Let y(b) = -537*b - 2456. What is the tens digit of y(-47)?
8
Let u(v) = -v + 16. Let x be u(8). Suppose 1 = x*i - 15. Suppose -2*q + 162 = i*c - 20, 0 = 5*c + 2*q - 443. What is the tens digit of c?
8
Suppose 60409 = 46*q - 11*q - 148016. What is the tens digit of q?
5
Let r = 12 - 11. What is the tens digit of (-4)/(20/(-1735))*r?
4
Let g(y) = -14*y - 43. Let d be g(-3). Let a(o) = -7*o + 5. What is the units digit of a(d)?
2
Let w = 792 - 531. Suppose 0 = 3*u + 3, u + w = 4*j. What is the tens digit of j?
6
Let x = 28429 + -25182. What is the units digit of x?
7
Suppose -25 = 12*i - 17*i. Suppose i*w + 4*u + 0*u = 66, -5*u + 9 = w. Suppose w*n - 8*n = 1098. What is the tens digit of n?
8
Suppose w - 3*b - 3447 = 0, -2*w - b + 13788 = 2*w. Suppose -2*l + 3*r = -w + 1063, 5*r = -4*l + 4724. What is the units digit of l?
6
Suppose 61860 = 1132*a - 1127*a. What is the units digit of a?
2
Let t = 789 - 777. Let q(l) = -l + 117. What is the tens digit of q(t)?
0
Let o(q) = -3*q**3 - 84*q**2 + 56*q + 7. What is the units digit of o(-35)?
2
Let t be 195/5*3 - -4. Suppose 4*c - 141 = -h + c, -c = -h + t. What is the units digit of h/15*5/2?
1
Suppose -15632 = -9*c - 14210. What is the tens digit of c?
5
Suppose -i - 35 = -37. Suppose 6 - 12 = -i*v. Suppose -117 = -v*s + 582. What is the hundreds digit of s?
2
Let v(s) = -207*s - 3686. What is the units digit of v(-61)?
1
What is the units digit of (-6277608)/(-128) - (-3)/16?
4
Suppose -71215 + 342887 = 14*h - 239664. What is the tens digit of h?
2
Let h be (-63)/27*45/3. Let y = -59 - h. Let w = 12 - y. What is the units digit of w?
6
Suppose 13*r - 791 = 6*r. Let v = r - 108. Suppose 5*a - v*g = 785, 157 = a + 4*g - 0*g. What is the tens digit of a?
5
Let f be (7 + -6)*(12 - 2). Suppose -f*x = -7*x - 3816. What is the hundreds digit of x?
2
Suppose l + 4*m - 277 = 0, -4*l - 8*m = -4*m - 1132. Suppose 4*b - l = b. Suppose -11*s + 12*s = b. What is the tens digit of s?
9
Let d = 9 - 12. What is the tens digit of 1335/10*(-2)/d?
8
Suppose 5*o - 4*l = -122 + 3495, -4*o + 4*l = -2700. Suppose -479 - o = -4*c. Let m = 422 - c. What is the hundreds digit of m?
1
Let q(v) = v**2 - 7*v - 44. Let b be q(-4). Let f(t) = t**3 + t**2 - 7*t + 528. What is the units digit of f(b)?
8
Suppose 4*i - 21192 = -g - 2*g, 2*g - 14128 = 3*i. Suppose 13*j + g - 473 = 0. Let u = -331 - j. What is the units digit of u?
6
Suppose 9 = -2*h + 5*p - 12, 5*p = 25. Suppose 0 = -0*i - i - f - 3, h*i = -f - 7. What is the tens digit of (-11511)/(-63) + i/(-14)?
8
Let x be 5/((-175)/10) + 37/7. Suppose d + 4*d - 5*h = -x, 17 = d + 5*h. Suppose 8*k - 408 = d*k. What is the tens digit of k?
6
Suppose 16589 = -15*n + 254. Let a = -96 - n. What is the hundreds digit of a?
9
Let w(v) = v**2 - v - 11. Let r be w(3). What is the hundreds digit of (r/(0 + 5))/(3/(-1059))?
3
Let u = -389 + 207. Let p = u + 573. What is the hundreds digit of p?
3
Let x(k) = -k**3 - 2*k**2 - 4*k**2 - 2*k**2 - 14 - 17*k - 4. What is the hundreds digit of x(-11)?
5
Suppose 224*l = 219*l + 2*s + 269660, -5*s + 161765 = 3*l. What is the units digit of l?
0
Let k(s) = -66*s**3 - 12 - 17*s**2 - 54 + 67*s**3 - 18*s**2 - 25*s. What is the units digit of k(36)?
0
Suppose 0 = -x + 4*t + 869, -4*x + 5312 - 1920 = 5*t. Let c = -435 + x. What is the tens digit of c?
1
Let l be (-6 + 1)/(1*(-3)/(-285)). What is the units digit of (2 - 1*l) + (-12)/4?
4
Let g(n) be the second derivative of -11*n**3/6 - 21*n**2/2 - 8*n. Let x be g(-3). Suppose 2*d = -2 + x, l = 3*d + 30. What is the units digit of l?
5
Suppose -141*f + 4249038 = 41*f + 85*f. What is the units digit of f?
4
Let m(l) = -114 + 3*l + 106 + 5*l**2 - 2*l**2. What is the tens digit of m(-7)?
1
Suppose -5*j + 45 = -3*b, b = 3*b. Suppose 3*v = u - j, 2*v - v = -u + 5. What is the hundreds digit of 16/(-12) - ((-1058)/u + 4)?
1
Suppose 0 = -10*g + 13 + 7. Suppose 2*c = -q + 1438, -1438 = -g*c + 2*q + 3*q. What is the tens digit of c?
1
Let u be 0*2/4*1/2. Suppose u = 4*o - 4*q - 412, 2*o - 291 = -o - 3*q. What is the hundreds digit of o?
1
Let s(p) = -p - 13. Let k be s(-15). Suppose 4*h - 1 = k*h + v, -5*h + 4 = -2*v. What is the tens digit of 36 + (-4 - (1 - h))?
3
What is the tens digit of (104/(-32))/(1100/1104 + -5 - -4)?
9
Suppose 6*p - 4*o - 33 = p, 12 = 4*o. Suppose -54 = 3*m + p. Let u(l) = l**2 + 20*l + 32. What is the tens digit of u(m)?
5
Suppose 166 = 7*b - 478. Suppose -2313 = -b*c + 83*c. What is the tens digit of c?
5
Suppose g = -2*f + 1482, 9*g - 6*g - 4446 = 2*f. Suppose 82 - g = -8*k. What is the hundreds digit of k?
1
Let l = 9 - 2. Let m = -1819 + 1833. What is the units digit of l*(356/m - 0)?
8
Let m = -93372 - -135051. What is the thousands digit of m?
1
Suppose -36 = 2*o - 3*o - 5*a, -a = -4*o + 102. Let x = 23 + o. Suppose 0 = 2*t - 8, 5*t = s + t - x. What is the units digit of s?
5
Let f(u) = -3*u - 22. Let y be f(-9). Suppose -y*t + 5022 = t. What is the tens digit of t?
3
Suppose 19219 = 57*z - 30819 - 22523. What is the thousands digit of z?
1
Let c be 6/16 - 364266/(-784). Let r = -336 + c. What is the hundreds digit of r?
1
Let c be (-16 + -98)*2/(-6). What is the units digit of (-4)/c + (-72)/38 + 67?
5
Let a(k) = k**3 - 26*k**2 + 46*k + 11. Let l be a(24). Let i = 1045 - l. What is the hundreds digit of i?
0
Suppose 5*j = -2*d - 33, 5*j + 5*d + 32 = -13. What is the hundreds digit of (-5787)/(-15) + 4/(-100)*j?
3
Let c = -3412 + 6217. Suppose c = 25*n - 14*n. What is the hundreds digit of n?
2
Let q(b) = 2*b**2 + 18*b + 4. Let c(d) = -11*d - 48. Let v be c(-2). What is the tens digit of q(v)?
8
Suppose -2*j = -2*x + 27428, 10*j = x + 5*j - 13702. What is the ten thousands digit of x?
1
Let j(n) = -n**2 - 13*n + 155. Let h be j(-21). Let q(t) = -t**2 - 8*t - 10*t + 0 + 1. What is the units digit of q(h)?
6
Let u(s) = -8*s**2 + 8*s + 47*s**3 + 6 - 22*s**3 - 23*s**3. What is the units digit of u(7)?
6
Let r(m) = 12*m + 21 + 16*m + 8*m - 63*m + 19*m + 37*m**2. What is the units digit of r(5)?
6
Let c be ((-8)/(-24))/((-2)/18). Let i = c - -5. Suppose -i*b + 252 = -3*n, -5*b + 4*n = -0*n - 630. What is the units digit of b?
6
Suppose 377*g + 2983330 = 492*g. What is the hundreds digit of g?
9
Let f = -41 - -54. Let b(m) = m**3 - 13*m**2 + 5*m + 16. What is the units digit of b(f)?
1
Suppose 3*y - 5*n - 91340 = 0, 0*y - 5*y = -3*n - 152228. What is the tens digit of y?
4
Suppose -9*o - o + 50 = 0. Suppose -31 = -4*d - 